8?
True
Does 10 divide ((-112)/(-70))/(2/60)?
False
Suppose 5*s + 10 = 40. Does 5 divide -2 - 6*s/(-3)?
True
Let m = -127 + 24. Let b = -69 - m. Suppose q - 2*n - 2 = 0, 2*q + 0*n = -2*n + b. Is q a multiple of 10?
False
Suppose 4*x - 35 - 29 = 0. Let s = x + 41. Is s a multiple of 19?
True
Let k be -12 + 6/(-3)*1. Let i = k + 22. Is 3 a factor of i?
False
Suppose 20 = u + 4*u. Suppose -4*b - 4*o + 80 = 0, -2*o - 39 = -u*b + 41. Is b a multiple of 10?
True
Suppose -2*v - 4*g + 28 = 0, -3*v - 5*g = -0*v - 43. Is 2 a factor of v?
True
Suppose -18*m = -20*m + 14. Is 3 a factor of m?
False
Let s(l) = -l**2 - 8*l. Let i be s(-9). Let h(f) = -6*f + 9. Is h(i) a multiple of 21?
True
Let f = 4 + -4. Suppose -5*p - r + 72 = f, -p - r = 4*r - 24. Does 14 divide p?
True
Let j = -473 - -271. Let h = j - -283. Is 10 a factor of ((-2)/(-2))/(3/h)?
False
Is 630/28*4/3 even?
True
Suppose -2 = -5*q - 12, q + 7 = -f. Let t = f + 10. Suppose 2*z - t*w = 3*z - 36, -5*z - 3*w = -158. Is z a multiple of 11?
False
Suppose 2*r + 5*j = 125, -5*r + 436 = 5*j + 101. Suppose 4*a + a - r = 0. Is 7 a factor of 3/(-2)*a/(-3)?
True
Let h = -12 - -5. Let d(t) = -t**2 - 6*t + 5. Let v be d(h). Is 14 a factor of ((-3)/v)/(3/32)?
False
Suppose -11*w + 227 - 7 = 0. Is w a multiple of 6?
False
Suppose -7*k + 48 + 36 = 0. Is 8 a factor of k?
False
Suppose -h - 30 = -6*h. Let y = 8 - 4. Suppose -6 = -y*p + h. Does 2 divide p?
False
Let x(l) = -3*l + 144. Is 24 a factor of x(0)?
True
Let t be (-4)/(-10) + (-13)/(-5). Suppose t*i = 7*i - 196. Is i/3 + 1/(-3) a multiple of 16?
True
Suppose -g - 4*g = -25. Let t = -23 + 55. Suppose p - 102 = -5*h, 0 = g*h - p - t - 66. Does 10 divide h?
True
Let q(l) = -l**3 - 10*l**2 - 9*l + 4. Let o be q(-9). Suppose 9*y - 4*y = -o*t + 107, -2*y = 5*t - 121. Is 7 a factor of t?
False
Suppose -23 = -v - h + 8, 3*v - 88 = -4*h. Is 18 a factor of v?
True
Suppose 2*k - 7*k = -10, 2*x = -3*k + 6. Suppose -2*a + 3*z = 3*a - 30, -51 = -4*a - 3*z. Suppose x = -4*n + n + a. Is 3 a factor of n?
True
Suppose -v - 7 = -0*v. Let u(h) = -h**2 - 8*h + 1. Let x be u(v). Is -1 + x + (-2)/2 a multiple of 4?
False
Let v(m) = m**2 - 3*m - 4. Let k be v(4). Suppose 4*r + 21 = -4*l + 77, k = 5*l + 3*r - 80. Let h = l - 10. Is 9 a factor of h?
True
Suppose 4*r = -3*d - 92, 2*r = -2*r - 8. Let f be (-64)/d + 4/(-14). Is 14 a factor of (3/2)/(f/20)?
False
Let z(v) = v**2 - 6*v - 4. Let s be z(-6). Suppose 6*l - s = 16. Is l a multiple of 3?
False
Let i(g) = g**3 - 7*g**2 - 8*g + 2. Let r be i(8). Suppose 0 = v + d - 66, v - 5*d = -r*v + 166. Does 22 divide v?
False
Suppose 0 = -2*t + 7*t - 510. Does 30 divide t?
False
Let i = 13 - 26. Let f = -6 - i. Suppose 0*c = -c + f. Does 4 divide c?
False
Let i = 3 - -24. Is i a multiple of 9?
True
Let s be 0/(-1) - -1*4. Suppose -5*y - 1 = s*k, -8*y + 3*y = -k - 19. Let x = k - -17. Does 11 divide x?
False
Suppose 3*o - 37 = -2*u, 0 = -5*o + 3*u - u + 83. Suppose -o - 30 = -3*c. Is 5 a factor of c?
True
Let i(d) = d**3 - 6*d**2 - 20*d + 2. Is i(10) a multiple of 11?
False
Suppose 5*o - 160 = -0*h - 5*h, -4*o + h = -148. Is 2 a factor of o?
True
Let f(t) = t**2 + 4*t + 4. Does 6 divide f(-14)?
True
Suppose -4*d = -289 - 47. Is d a multiple of 25?
False
Suppose -25 = -5*g - 0*g. Suppose c - 2*k = 2*c, g*c - 9 = -k. Is 2 a factor of 22/6 - c/3?
False
Suppose -4*o + 5*g + 125 = 0, -119 = -4*o + g - 2*g. Is o a multiple of 10?
True
Let p(v) = v**2 - 2*v - 48. Is 26 a factor of p(16)?
False
Let f(r) = -r + 13. Let g be f(11). Let b(w) = w**3 + 2*w + 1. Is 13 a factor of b(g)?
True
Suppose 4*v - 324 = -4*t, 39 = v - t - 36. Let r = v - 46. Is r a multiple of 32?
True
Let w = -7 + 6. Is (-9)/w - 4/(-4) a multiple of 4?
False
Is (-10)/25 + (-126)/(-15) a multiple of 8?
True
Let d = 41 + -17. Is 6 a factor of d?
True
Let d = -9 - 26. Suppose 8*i - 4*i + 20 = 0. Let f = i - d. Is f a multiple of 13?
False
Let x = -3 + -1. Let k(t) = t**3 + 5*t**2 + 2*t - 4. Let i be k(x). Suppose -3*u = n + n - 42, 2*n + i*u = 46. Does 15 divide n?
True
Let l be -8*(1 - (-15)/(-6)). Suppose 3*b - 2*b - l = 0. Let x = -2 + b. Does 5 divide x?
True
Is 3 a factor of 3/2 + (-14)/(-4)?
False
Let a be (-1)/(-2)*-1*-250. Let x = -65 + a. Is 20 a factor of x?
True
Suppose -8*g + 6*g + 30 = 0. Is 7 a factor of g?
False
Suppose -5*q + 3*j - j = -421, 3*j - 157 = -2*q. Does 26 divide q?
False
Let k be (-22)/(-33) - (-14)/6. Suppose -6*l + 90 = -k*l. Is 8 a factor of l?
False
Does 22 divide (132/7)/(6/21)?
True
Let y(p) = 7*p**3 + 4*p**2 - 2*p - 3. Is y(2) a multiple of 8?
False
Suppose -5*l = 4*r - 0*l - 82, 0 = 3*r - 3*l - 48. Suppose -4*c + r = -3*c. Does 18 divide c?
True
Let h(q) = -q**3 + 7*q**2 - 7*q - 2. Let c be h(6). Let s(a) = a**3 + 10*a**2 + 11*a - 6. Is 8 a factor of s(c)?
False
Let h(j) = 2 - 5*j**2 + j**2 + j**3 + 0*j**3. Let y be h(4). Suppose 56 = 2*z + 4*o - y*o, -4*o = -4*z + 80. Is 12 a factor of z?
True
Let b(o) = o**2 + 3 - 5*o + 2 - 6*o + 3*o. Does 4 divide b(8)?
False
Let p be (-1)/(-5) + (-355)/25. Let x be 2*(-1)/2 - p. Suppose 3*b - 2*b = x. Is 4 a factor of b?
False
Let q be (-9)/(-2) - 2/(-4). Suppose -f + q*t + 33 = f, -t - 37 = -2*f. Does 14 divide f?
False
Let k = 9 + -2. Suppose x = k*x - 72. Is x a multiple of 6?
True
Let p(w) = -5 - 6 - 3*w + 0*w + 0*w. Suppose -n - 4*q = 17, 8 = -6*q + 2*q. Does 8 divide p(n)?
True
Let g = 271 + -74. Let x = g - 89. Suppose 3*i + 2*f = -0*f + x, 4*i + f = 144. Does 18 divide i?
True
Suppose 0 = -3*b - 3 + 12. Let d be 5*(6/b)/2. Suppose u - 9 - 14 = -2*f, 43 = 2*f + d*u. Does 9 divide f?
True
Suppose -2*p + 1 = 7. Let r = -9 - 1. Does 5 divide r/p*(-3)/(-2)?
True
Is (-2)/5 + (-424)/(-10) a multiple of 14?
True
Let b be (-3)/(-6)*6/1. Let z = b + -2. Let q = 13 - z. Does 12 divide q?
True
Suppose 2*w + 54 = -0*w. Is 7 a factor of 216/10 + w/45?
True
Suppose 3*v = v + i + 65, 3*v + 5*i = 78. Is 6 a factor of v?
False
Suppose -3*j + 4*j = 2*y, 0 = 3*y + 5*j - 13. Does 2 divide y + 3 + (-1 - -1)?
True
Let a be 10/(-25) + (-152)/(-5). Let w = a - 0. Is w a multiple of 9?
False
Suppose -z + b = 4*b - 129, 4*z + 4*b - 548 = 0. Let m = z + -79. Does 20 divide m?
False
Let h = 9 + -5. Suppose 10*q + 20 = 5*q, h*q + 16 = -4*r. Suppose -x + 4 + 2 = r. Is 5 a factor of x?
False
Let j(w) = w**3 + 6*w**2 - 5*w - 9. Is j(-6) a multiple of 5?
False
Let b be 3/(-9) - 25/(-3). Let a = 24 - 8. Let h = a - b. Is 8 a factor of h?
True
Let o(q) = q**2 + 5*q - 2. Let t(p) = p**2 - 1. Let s(k) = 4*k**2 - 4*k - 3. Let g(n) = -s(n) + 5*t(n). Let d(j) = 4*g(j) - 5*o(j). Does 8 divide d(-7)?
True
Let f(h) = -h - 1. Suppose 5*m = -3*i - 0 - 33, 5*m - 5*i + 25 = 0. Let a be f(m). Suppose -a*j = -182 + 42. Does 14 divide j?
True
Let a be (4 - 12/4)/(-1). Let j = 15 - a. Is j a multiple of 16?
True
Suppose -n = -r + 2, 3*r + 3 - 15 = -3*n. Let z = 29 + r. Let f = z + -21. Does 11 divide f?
True
Let m(x) = 1 - 2 + 2 - 14*x. Let l be (-20)/30*(-3)/(-2). Is 15 a factor of m(l)?
True
Let z be -2 + 1 + (3 - 0). Suppose -5*y + 15 = 0, 3*k + y - z - 28 = 0. Suppose -k*n + 5*n + 48 = 0. Does 12 divide n?
True
Is 18 a factor of -5 + 2 + 23 + -2?
True
Let l(w) = w**3 - 7*w**2 + 2*w + 3. Let g be 17 + (-2*1 - -1). Let x = g - 9. Is l(x) a multiple of 13?
False
Let g(t) = t + 3. Let o be g(-8). Let p(n) = -4*n - 2. Let d be p(o). Suppose 2*v = -2*i + 2 + d, 2*v = 2*i + 8. Is v a multiple of 7?
True
Let z be (-1 - 7)/(-1) + 0. Suppose -z = -4*y + 112. Is 14 a factor of y?
False
Is 0 + ((-402)/(-4) - (-3)/6) a multiple of 24?
False
Suppose -5*h + 5*r + 85 = 0, -6 = -2*h - 2*r + 40. Is 20 a factor of h?
True
Suppose 0 = 4*o + 51 - 263. Does 5 divide o?
False
Let j(o) = o**3 + 7*o**2 + 5*o - 4. Is 8 a factor of j(-4)?
True
Suppose 4*s + 515 = 39. Let p = 176 + s. Is p a multiple of 19?
True
Let a(m) = 16*m + 4. Is 10 a factor of a(4)?
False
Suppose 134 = l - 6. Is 20 a factor of l?
True
Let u(z) be the first derivative of -z**5/20 - 5*z**4/6 + 5*z**3/3 + 4*z**2 - 2*z - 3. Let g(m) be the first derivative of u(m). Does 9 divide g(-11)?
False
Let d = -11 - -20. Does 9 divide d?
True
Suppose 0 = 2*q + 49 - 305. Does 32 divide q?
True
Suppose -3*y = -5*x - 75, 74 = 2*y + 2*y + 2*x. Is 20 a factor of y?
True
Does 3 divide ((-14)/(-7))/((-2)/(-7))?
Fals